or of 16 and 126428?
4
Calculate the greatest common divisor of 2331 and 2109.
111
Calculate the greatest common divisor of 190 and 252700.
190
Calculate the greatest common factor of 1199 and 5777.
109
What is the highest common divisor of 1444068 and 162?
162
What is the greatest common divisor of 2809 and 4293?
53
What is the highest common factor of 245828 and 4077?
151
Calculate the greatest common factor of 725 and 95845.
145
What is the highest common divisor of 615 and 206565?
15
Calculate the greatest common factor of 19 and 343843.
19
Calculate the greatest common factor of 924 and 62139.
231
Calculate the greatest common factor of 20552 and 7616.
56
What is the greatest common factor of 31915 and 10?
5
What is the greatest common divisor of 55091 and 9285?
619
Calculate the highest common divisor of 359388 and 90.
18
Calculate the highest common factor of 572 and 7876.
44
What is the greatest common divisor of 877305 and 33?
33
What is the highest common divisor of 129 and 33153?
129
What is the highest common factor of 409578 and 3382?
178
Calculate the greatest common divisor of 1345 and 34432.
269
Calculate the highest common divisor of 12 and 12042.
6
Calculate the highest common divisor of 23482 and 5782.
118
Calculate the highest common factor of 290881 and 253.
23
What is the greatest common factor of 2235103 and 19?
19
Calculate the greatest common divisor of 294 and 11097.
3
Calculate the highest common factor of 224 and 217196.
28
What is the greatest common factor of 116775 and 81?
27
What is the highest common factor of 7 and 305515?
7
What is the greatest common divisor of 296 and 83176?
296
What is the highest common divisor of 18 and 524478?
6
Calculate the greatest common divisor of 99120 and 196.
28
Calculate the greatest common divisor of 71 and 2190492.
71
Calculate the highest common factor of 458 and 26.
2
What is the highest common divisor of 57472 and 128?
128
Calculate the highest common factor of 747 and 257964.
249
Calculate the greatest common divisor of 87104 and 1728.
64
Calculate the greatest common factor of 164052 and 98.
98
What is the highest common divisor of 6990 and 1390?
10
What is the highest common divisor of 2408 and 4171?
43
What is the greatest common factor of 101263 and 131?
131
What is the greatest common divisor of 391 and 301019?
17
What is the greatest common factor of 1777816 and 145?
29
Calculate the highest common divisor of 51 and 178279.
17
What is the greatest common divisor of 2255 and 554320?
205
Calculate the highest common factor of 456 and 1608.
24
Calculate the highest common factor of 2839 and 9945.
17
What is the highest common factor of 27333 and 72?
9
Calculate the highest common divisor of 264 and 7992.
24
What is the greatest common divisor of 1357 and 63733?
23
Calculate the highest common divisor of 296970 and 855.
285
What is the highest common factor of 3595 and 12055?
5
Calculate the highest common divisor of 27924 and 102.
6
Calculate the greatest common divisor of 108045 and 147.
147
Calculate the highest common divisor of 41923 and 38759.
791
What is the greatest common factor of 180 and 67869?
9
What is the highest common factor of 56 and 303688?
56
Calculate the greatest common factor of 90 and 201834.
18
What is the greatest common factor of 161157 and 9?
3
Calculate the highest common factor of 159544 and 3850.
154
Calculate the greatest common divisor of 330 and 48.
6
Calculate the greatest common factor of 1932 and 146.
2
Calculate the highest common divisor of 38356 and 210512.
892
What is the greatest common divisor of 599378 and 13?
13
Calculate the greatest common factor of 3445 and 3055.
65
Calculate the highest common divisor of 198 and 14289.
33
Calculate the highest common divisor of 2471 and 41654.
353
What is the greatest common factor of 260 and 4485?
65
Calculate the highest common factor of 153 and 7599.
51
Calculate the highest common divisor of 644 and 37191.
161
What is the highest common factor of 48716 and 3116?
76
Calculate the greatest common divisor of 605204 and 355.
71
What is the greatest common factor of 24321 and 62799?
363
Calculate the greatest common divisor of 574124 and 68.
68
What is the greatest common factor of 166524 and 24?
12
Calculate the highest common factor of 13 and 2753582.
13
Calculate the highest common factor of 88 and 1045484.
44
Calculate the highest common factor of 380308 and 2852.
124
What is the greatest common divisor of 114 and 1995?
57
Calculate the highest common factor of 968374 and 11.
11
Calculate the greatest common divisor of 33 and 80058.
33
What is the highest common factor of 615920 and 80?
80
What is the highest common divisor of 14 and 79814?
14
Calculate the greatest common divisor of 78 and 10458.
6
What is the highest common factor of 39364 and 52?
52
Calculate the greatest common factor of 29656 and 3454.
22
Calculate the greatest common divisor of 320740 and 700.
140
Calculate the greatest common factor of 151008 and 408.
24
What is the highest common divisor of 9724 and 33?
11
What is the greatest common factor of 1779 and 3?
3
Calculate the highest common divisor of 722348 and 132.
44
Calculate the highest common divisor of 21 and 606753.
21
What is the greatest common factor of 3359661 and 1602?
267
Calculate the greatest common divisor of 304219 and 436.
109
What is the highest common divisor of 13409 and 165?
11
What is the highest common divisor of 109456 and 48?
16
What is the greatest common factor of 1005 and 1839351?
201
Calculate the highest common factor of 2054 and 34128.
158
Calculate the highest common divisor of 4284 and 28308.
84
What is the highest common divisor of 108 and 221724?
108
What is the greatest common divisor of 287 and 11375?
7
What is the greatest common divisor of 370 and 18648?
74
Calculate the greatest common divisor of 1898200 and 160.
40
What is the greatest common factor of 408879 and 171?
9
What is the greatest common factor of 512 and 6176?
32
Calculate the greatest common factor of 152678 and 194.
194
What is the highest common factor of 1066 and 35711?
533
What is the highest common divisor of 121 and 70664?
121
Calculate the greatest common divisor of 104188 and 17934.
854
Calculate the highest common factor of 677787 and 69.
69
Calculate the highest common divisor of 72 and 2456.
8
What is the highest common divisor of 318 and 19122?
6
What is the highest common factor of 178049 and 57?
19
Calculate the highest common factor of 3 and 7843677.
3
Calculate the greatest common factor of 209412 and 1512.
756
What is the highest common divisor of 4900 and 441?
49
Calculate the highest common factor of 262403 and 106.
53
What is the greatest common factor of 53634 and 42?
42
What is the highest common divisor of 5544 and 30646?
154
Calculate the greatest common divisor of 276 and 158792.
92
Calculate the highest common factor of 185 and 345173.
37
What is the greatest common factor of 19386 and 2862?
54
What is the greatest common divisor of 15120 and 300?
60
What is the greatest common divisor of 15373692 and 9?
9
What is the highest common factor of 1957 and 29458?
103
What is the highest common divisor of 1080 and 99?
9
Calculate the highest common divisor of 361 and 92416.
361
What is the greatest common divisor of 150 and 486510?
30
What is the greatest common divisor of 4644 and 54567?
1161
What is the greatest common factor of 319 and 1716?
11
What is the greatest common factor of 161094 and 12?
6
Calculate the greatest common divisor of 2472 and 905988.
1236
Calculate the greatest common divisor of 224 and 994.
14
What is the highest common factor of 204403 and 47?
47
What is the greatest common divisor of 62345 and 2220?
185
Calculate the highest common factor of 126076 and 33718.
1466
What is the greatest common factor of 12439 and 7?
7
What is the highest common divisor of 537 and 27029?
179
Calculate the highest common factor of 1256 and 18997.
157
Calculate the greatest common divisor of 3815 and 665.
35
Calculate the greatest common factor of 165 and 28485.
15
Calculate the highest common divisor of 7 and 21.
7
What is the greatest common factor of 28376 and 1?
1
What is the highest common divisor of 10504 and 1456?
104
What is